
False
Let f(h) = -11 + 78*h - 1279*h - 305*h. Is f(-8) prime?
True
Let a(r) = 2831*r + 14. Let q(m) = -944*m - 5. Suppose 0 = 3*z - 3*t, 4*z + 0*t + 2*t = 24. Let g(f) = z*a(f) + 11*q(f). Is g(1) prime?
True
Let d be (3*-10)/((-6)/4). Suppose -68*o - 21*o - 267 = 0. Is (o + 6)*d/6 prime?
False
Let n(c) = 237*c + 49061. Is n(0) prime?
False
Let z(q) = 15*q - 4. Let m be z(3). Let o = m - -100. Let r = o - -110. Is r prime?
True
Suppose -2*j + 5*b = -2*b - 23194, -j + 11597 = -3*b. Is j prime?
True
Let h(f) = 3*f**2 + 2*f - 2928. Let w be h(0). Let l = 155 - w. Is l composite?
False
Is 583964/15 - 5 - 5/(-75) a prime number?
False
Suppose -3*l + 12087 = 4*f, 2*l + 7*f = 10*f + 8058. Suppose -4053 = -g - n, -n - 4*n - l = -g. Is g composite?
False
Let s be 20/35 - 9/(-21). Suppose -4*o - s = -5. Is o + (-13)/((-52)/840) a composite number?
False
Let f(d) = -4 - 9 + 0*d**3 - 2*d**3 + 0 + d. Is f(-4) prime?
False
Let p be -1 - 1 - (0 + -2). Let r(b) = 18*b - 36. Let t be r(11). Suppose k + 35 - t = p. Is k composite?
False
Suppose 6 = -7*t + 4*t. Is 0 - (-3364)/(t - -6) a composite number?
True
Let z be (6/(-4))/((-6)/20). Let c(l) = 2*l - 1. Let w(q) = -194*q - 17. Let y(o) = 6*c(o) - w(o). Is y(z) composite?
True
Let q(u) = u**2 + 63*u - 128*u + 2 + u**2 + 63*u. Let v be q(1). Suppose 9597 = -v*x + 9*x. Is x composite?
True
Is (-5)/(-30) - (2431751/(-6))/7 a prime number?
True
Is (-244)/36 + (-12)/54*1 - -1071536 composite?
False
Let f(g) be the third derivative of -3*g**6/40 + g**5/30 + 5*g**4/24 + 5*g**3/6 - 16*g**2. Let p be f(-4). Let d = 96 + p. Is d a prime number?
False
Suppose 311*w - 316*w + 45 = 0. Is (5098 - 1)*(-1 + 15/w) composite?
True
Suppose -11 = -2*c - 3*a + 4*a, 2*c - 3*a = 17. Let i(y) = 608*y - 3. Is i(c) a prime number?
False
Suppose 273*n + 160552413 = 444*n. Is n a composite number?
True
Suppose -43*z + 50*z = 28. Suppose 790 = z*t - 214. Is t a composite number?
False
Suppose 7*g - 18 = 10*g. Let b(f) = f**3 + 7*f**2 + 4*f - 14. Let u be b(g). Is u + (0 - -464 - (0 + -4)) prime?
False
Is (337425/(-18) - -13)*-6 prime?
True
Suppose 20 = -4*v + 8. Let d be ((-16)/(-12) + 0)*v - -1467. Suppose -5*c + d = -9432. Is c composite?
False
Is 88069/2*(-5)/(125/(-50)) a prime number?
True
Suppose 3*m = -5*j + 162289, 32455 = j - m + 3*m. Let r(h) = -h**2 - 8*h - 4. Let t be r(-6). Suppose t*k - j = k. Is k prime?
True
Let g = 46 + -44. Let z be 20*g*4/32. Suppose 3*b - 1603 = -4*m, -5*b + 3*m = z*m - 2695. Is b composite?
False
Let w(z) = 214*z + 2. Let a be w(1). Let r = a - 63. Let t = r + -84. Is t composite?
True
Suppose -142700 = -15*r + 66580. Let l = r + 15081. Is l composite?
False
Let f = -9665 - -15206. Let k = -871 + f. Suppose 4*r + 0*r = 4*i + 9316, -i + k = 2*r. Is r prime?
True
Let i(c) = c**2 - c. Let w be i(3). Suppose -w*t = -35 - 7. Is (3783/6)/(t/14) composite?
True
Suppose -10*p + 2351142 = 544012. Is p a composite number?
True
Let t(s) = -1029*s - 863. Is t(-28) a prime number?
False
Let j(w) = -46*w + 5. Suppose 0*l - 5*l = d - 48, l = 2*d - 129. Suppose 4*m = -3*m - d. Is j(m) a prime number?
True
Let j be (45/39 - (-2)/(-13)) + 5. Let u be 20383/33 - 4/j. Suppose p - 3*r = -p + u, 2*p - 577 = -5*r. Is p composite?
True
Suppose -5*u + 9 = x, 10*x - 6*x - 4 = -4*u. Let l be (112/(-80))/(x/15). Suppose -18*n - 1413 = -l*n. Is n prime?
False
Let j = -2127 - -3764. Is j composite?
False
Let b(a) = -a**3 - 7*a**2 + 9*a - 7. Let u be b(-8). Let n = -2 - 8. Is (-3194)/n - (-6)/u a composite number?
True
Let f be ((-5)/(-12)*4)/(5/18). Is (-27)/12*f/(-9)*1478 composite?
True
Suppose 0 = 20*m - 946194 + 37378 - 857804. Is m composite?
True
Let h(z) be the second derivative of 3*z**2 + 0 + 1/2*z**3 - 14*z - 1/20*z**5 - 1/12*z**4. Is h(-5) a prime number?
False
Let d(i) = 221*i + 14 - 3 - 225*i + 19. Let c be d(8). Is -1 - -208 - 8/c prime?
True
Suppose -5*m = -5*f + 25 + 20, 0 = -3*f + 5*m + 35. Suppose -f*b - 10226 = -g, 40196 + 10865 = 5*g - 2*b. Is g prime?
True
Suppose -3*w - 2*m + 58 = 3*m, 4*w - 72 = -4*m. Let r(y) = 14419*y - 28786*y - 23 + 14408*y. Is r(w) a composite number?
True
Suppose -3*q + 9 = -3*b, 4*q + 0*b - 11 = 5*b. Let w(i) = 4402*i**3 + 1. Let x be w(1). Suppose 3*y - x = -q*y. Is y composite?
True
Suppose 355*j - 2*n + 834421 = 358*j, n + 1112576 = 4*j. Is j a composite number?
False
Suppose 5*d - 12 = p, p + 4*p - 2*d = -14. Suppose -2*w - w = 5*q - 4, -5*w = 10. Is 223 - p - (4 - q) prime?
True
Suppose 12919321 = -3417*g + 3490*g. Is g a prime number?
True
Suppose -n = -2*b - 98483, 0 = 3*b - 105 + 90. Is n a composite number?
True
Let f(l) be the third derivative of 0*l + 1/20*l**5 - 1/8*l**4 + 5/2*l**3 + 1/120*l**6 - l**2 + 0. Is f(10) a prime number?
False
Suppose -14*z - 28706359 = -375*z. Is z prime?
False
Suppose f - 3 = -3*o - 33, 5*o + 5*f + 60 = 0. Is -1 + 5903 + (-12 - o) a prime number?
False
Suppose 4*v + 26538 = -2*o + 6600, -v = -3*o + 4981. Let q = 7437 + v. Is q prime?
False
Suppose -5*s - 68745 = -5*l, 3*l - 13754 = s + 7*l. Let c = s + 21033. Is c a prime number?
True
Suppose 53 = 3*f + 2*b, -2*b + 22 + 10 = 2*f. Let n be (6/f)/((-9)/(-126)). Is n*(-4)/(32/(-3022)) composite?
False
Let a(r) = -r**3 + 2*r**2 + 8*r + 2. Let d be a(4). Suppose -5*l = 0, -l = -4*o - d*l + 12164. Is o a composite number?
False
Let q = -3 + 7. Suppose 2*r - j = 775, -r + 2*r + 4*j = 374. Suppose -q*a = 2*x - 75 - 351, -4*a - r = -2*x. Is x a composite number?
True
Suppose -395040 + 57666 = -2*p + 4*y, 0 = -2*p + 2*y + 337382. Is p a composite number?
True
Suppose 0 = -3*d - 2*n - 3*n - 7178698, 5*d = 2*n - 11964507. Is d/(-370) - 3/10 prime?
False
Is 8/((-24)/(-9))*60539/3 composite?
False
Let s(x) = -3*x**2 + 8*x - 8. Let l be s(4). Let m = l - -27. Is 153 + 5 + -4 + m a composite number?
False
Suppose -5*f - 3*n + 592 = -73, 0 = 5*f - 3*n - 695. Let p = f - -1553. Is p a prime number?
False
Let c = 82 - 77. Let f be (c + 111/6)/((-1)/2). Let a = 1776 - f. Is a composite?
False
Suppose 6*z + 42 = -18. Is z*(1164/(-8))/3 a composite number?
True
Let l be (41 + 1)*((-6)/(-4))/3. Let j be -24*(2 + -6)/(-8). Is j/(-63)*3 + 20295/l a prime number?
True
Let m = -478517 + 874882. Is m prime?
False
Let r(f) = -f**2 + 7*f - 6. Suppose 4*k = -4*y + 8, -k = 4*y + 1 + 9. Let s be r(k). Suppose 3*u + 0*u - 2823 = s. Is u a prime number?
True
Let d be 1 + 13 - (-2 - (3 - 0)). Is (-5006)/6*(16 - d) a composite number?
False
Suppose -4*i + 22 = 5*o - 99, -4*o + 149 = 5*i. Let w(l) = 3*l**3 - 2*l**2 + 47*l - 103. Is w(i) prime?
False
Suppose -16*p + 7310322 = -502942. Is p a prime number?
True
Let m be (27/(-2))/(2/((-48)/9)). Is 4*(8/(-12) + 109797/m) composite?
False
Let d be 2*15/(-10) + -3. Let b be 4/d - (-114)/9. Is (-4)/b + (-175)/(-3) composite?
True
Let u = 3 + -3. Suppose r + u*r - 539 = -m, -r - 2 = 0. Suppose 0*l - 3*j - 1082 = -2*l, 0 = l + j - m. Is l prime?
True
Let x = -638 + 629. Let y(z) = -1882*z - 151. Is y(x) composite?
False
Let c = -28 + 31. Suppose -c*h - 271 = -k, -4*k + 20 = k. Let f = -3 - h. Is f a prime number?
False
Suppose 0 = 6*d - 4*d + 3956. Let y = 3994 + d. Suppose -4*c + 5*s + 2836 = 150, 3*s + y = 3*c. Is c a composite number?
True
Let m(k) = -211*k - 63. Let r(o) = -71*o - 21. Let p(x) = -2*m(x) + 7*r(x). Let q = 18 - 26. Is p(q) composite?
True
Let z(v) = -5*v - 5. Let m(y) = -y. Let u(k) = -6*m(k) + z(k). Let t be u(-3). Let r(a) = -33*a - 27. Is r(t) prime?
False
Let x be 4 + (-5)/5 - (-19 - 2). Is (243424/x*(-12)/8)/(-2) a composite number?
False
Let t be -21*(4 + (-22)/6). Let f be 3 - (4 + -7 + t). Suppose -4*v = -223 - f. Is v a prime number?
True
Suppose 4*o = 3*g - 39130 + 230850, g = -3*o + 143803. Is o a prime number?
True
Suppose 0 = 4*b - 2*y + 12, -3*b = 3*y + 8 + 1. Let l(w) = w**2 + w - 9. Let d be l(b). Is -44*((-335)/20 + d) composite?
True
Is 265701 - ((-3)/(-4) + (-55)/20) composite?
False
Suppose 0 = -9*b + 109212 + 31197. Is b a composite number?
False
Let o be 3/2 - (-6)/4. Let t(b) = b**2 - 5*b + 2. Let u be t(o). Is (3 + u)/((-3)/5541) prime?
True
Suppose -4*l + 99021 = 5*s, -74242 = 31*l - 34*l + s. Is l a prime number?
True
Let o(c) = c**2 + 17*c - 97. Let b be o(-22). Let f(q) = 904*q - 29. Is f(b) a composite number?
True
Is (75 - 76)*(-8929 -